(5 - 1)
2
3 + -3 + -1 + -1 - 3
-5
What is 6 - (-2 + -2 + 6)?
4
Calculate (-3 - -5 - 1) + 1 + 2.
4
What is 101 - 104 - (1 + 2)?
-6
What is the value of (16 - 8) + -7 - -2?
3
Calculate 0 - (14 + -6) - 1.
-9
What is -8 + 5 - (2 + -13)?
8
Evaluate 14 + (-17 - (-9 - -4)).
2
What is 3 - (5 + -1 - 6)?
5
-1 + 1 + (14 - 12) + 5
7
Calculate -2 + (1 - 6) + 6 - 3.
-4
Calculate (-1 - (-3 + -6)) + (-1 - 1).
6
What is the value of (13 - (13 + -14)) + -13?
1
6 + (-2 - 0) + -6
-2
What is the value of (-3 - (-4 - (1 - 1))) + -3?
-2
Evaluate -4 - (-6 + -1 + 5).
-2
What is -2 - (5 + (-13 - -5))?
1
What is the value of 1 + 0 - (-12 + 14)?
-1
Evaluate (-2 - -1) + -2 - (4 - 11).
4
What is the value of -7 + -6 + 6 + 12?
5
Evaluate 6 + 3 + -1 - (28 + -22).
2
0 + 4 - (-7 + 8)
3
What is the value of -2 - (1 + (5 - (4 + 0)))?
-4
Evaluate -1 - (-5 + -7 + 13 + -1).
-1
Evaluate 7 + 3 + -4 + 0 + 1.
7
What is the value of 4 - (-2 - -2) - (2 - 1)?
3
Evaluate 3 - (3 + (0 - 3)).
3
Calculate 2 + -6 - ((-5 - -9) + -4).
-4
Evaluate (-1 - -1) + -8 + (-3 - -13).
2
-7 - (-2 + 6 - 9)
-2
Evaluate (0 - -5) + 9 + -15.
-1
-8 + 5 - 6 - (-5 + 2)
-6
What is the value of -2 - (2 - 1) - (5 + -8)?
0
Evaluate -11 - (-6 - (3 + -4 - -1)).
-5
What is the value of (8 - -2) + -3 - 0?
7
What is the value of -8 + -3 + -5 + (9 - -2)?
-5
Evaluate (-1 - (3 + -12)) + -14.
-6
What is 5 + 4 + -6 + -7 - 3?
-7
What is -2 + -3 + 3 + 2?
0
7 + -7 + -5 + 0 + -1
-6
What is the value of -3 + 6 - (-1 + 2)?
2
What is the value of -7 - -3 - ((0 - 3) + -4)?
3
-1 - -4 - (13 + -5)
-5
(8 - 5) + -21 + 18
0
What is 0 - 0 - -3 - (-109 - -115)?
-3
Calculate (-3 - 0) + 9 + 3 + -7.
2
What is (14 + -7 - 6) + 1 + 5?
7
Evaluate 8 + -2 + (-24 - -24).
6
Evaluate -8 - (-4 + -7 + 8) - -3.
-2
Calculate 0 - (0 - ((4 - 1) + -3)).
0
What is 8 + -5 + -2 + -6?
-5
-3 + -2 + 17 - 20
-8
What is 11 - 1 - (-102 - -117)?
-5
What is 3 + (-6 - ((1 - -1) + -10))?
5
What is the value of (1 - 4) + (8 + 4 - 5)?
4
Evaluate -5 + (11 - (-6 - -6)).
6
Evaluate (97 - 103) + 1 + 1.
-4
What is -1 - (-3 + 8 + -2)?
-4
Calculate 1 + 1 + 0 + -2 + -5.
-5
What is 2 - (-9 + 31 - 12)?
-8
What is (-11 - -42 - 11) + -13?
7
36 + -43 - (-12 + 1)
4
Calculate -2 + -10 + 16 - -2.
6
(8 - 8) + (1 - (-1 - -1))
1
Calculate 11 - (1 - 13 - -28).
-5
What is -1 + 2 + (-3 - (-1 + -3))?
2
Calculate -35 + 34 - (-1 + 1).
-1
What is the value of 47 + -58 + (1 - -4)?
-6
2 + (3 + 3 - 7) + 3
4
Evaluate 5 + -3 + 2 + -2.
2
What is the value of 7 + 4 - (-9 + 21)?
-1
Calculate -1 - (10 + 4 + -8).
-7
Calculate (-13 - -12) + 2 + 9 + -5.
5
What is (-6 - -16) + -4 - (12 - 5)?
-1
Evaluate -10 - (13 - 8 - 13).
-2
Evaluate 8 + (-8 - (2 + (3 - 7))).
2
Calculate 2 + 0 - (-7 - -9).
0
What is the value of -2 + 3 + -4 + 5?
2
What is the value of 0 + (3 - -3) - 3 - 3?
0
Evaluate (-27 - -24) + (2 - 0).
-1
What is the value of 7 + (10 + -21 - -9)?
5
What is -12 + 14 + -8 + 2?
-4
Calculate (-15 - (5 + -13)) + -4 + 5.
-6
What is 1 + 1 + (-4 - -4 - -3)?
5
What is the value of -13 + 2 + 5 + 4?
-2
Evaluate (2 - 11) + (16 - 9).
-2
Evaluate 10 - (4 + -2 + 1 + 0).
7
Calculate -8 + (4 - -6) + 6.
8
What is 9 + (15 + -20 - (-1 - 0))?
5
Evaluate -7 + (0 - -1) + 10.
4
Evaluate -5 + 9 - 5 - 4.
-5
(-2 + 7 - -1) + -7
-1
Evaluate (1 - (4 - -1)) + 13 + -10.
-1
Evaluate (1 - -2) + (1 - 2 - 2).
0
Evaluate (6 - (5 + 4)) + 0 + 1.
-2
What is (-1 - -14) + (-151 - -135)?
-3
Evaluate -3 + (8 - 15 - -11).
1
What is the value of 17 + (-4 - -3 - 9)?
7
What is the value of 1 + -7 + 2 + (-9 - -13)?
0
Calculate 27 + -33 + 10 + -2.
2
What is the value of -1 + 16 + -4 + -2 - 7?
2
What is the value of (10 - 16) + -4 + (5 - -1)?
-4
Evaluate -1 + (-2 - (-5 + 5 + -3)).
0
(-8 - 0) + -1 + 30 + -26
-5
Evaluate (0 - 8) + 12 - (1 + 1).
2
Evaluate (-6 - 2) + 1 + 4 + 5.
2
What is the value of -2 + (2 + -2 - 3)?
-5
What is the value of -1 - (2 + -4 - (-2 + 1))?
0
Calculate (10 - 0) + -23 + 19 - 1.
5
What is the value of 5 - ((1 - -1) + 4)?
-1
15 + (-3 - 0) - 5
7
Evaluate (1 - -2 - 6) + 2 + 2.
1
What is the value of (-12 - -3) + 17 + -14?
-6
What is the value of -12 + -3 + 4 - -3 - -5?
-3
What is the value of 0 + (1 - 4) + -3 + 15?
9
Calculate -7 + 4 + (3 - -1).
1
0 + -10 + (-3 - -4)
-9
What is 15 - 24 - (-7 + 1)?
-3
-5 - (0 - (-3 + 5))
-3
What is -5 - (4 - 13) - (-1 - -4)?
1
Evaluate (9 - 2) + -3 + -9.
-5
What is the value of -14 + 23 - -1 - 3?
7
What is (20 - 26) + 0 + 1 + 4?
-1
6 + 0 + -2 + -9
-5
Calculate -3 + 4 + (-2 - -6).
5
What is -1 + 3 + -5 + -2 + 2?
-3
What is the value of (-1 - -2) + (-5 - -9)?
5
Evaluate -41 + 40 - (0 - (7 + -1)).
5
Evaluate 2 + 2 - ((-3 - -8) + -1).
0
(5 - -6) + -2 - 10
-1
What is the value of (-7 - -2 - -10) + (1 - 2)?
4
What is the value of -5 + (18 - ((-7 - -7) + 4))?
9
Evaluate 0 + (2 - 5) + 5 - 7.
-5
What is the value of 4 + (3 - (-4 + 6 - -3))?
2
-1 - -4 - (54 - 52)
1
Calculate -5 - 1 - (11 - (12 + -3)).
-8
-2 - ((1 - -2) + 0 + -2)
-3
Calculate 6 + -3 + -1 - (-1 - -8).
-5
Evaluate -4 + -9 + 1 + 6.
-6
What is (0 - -1) + -7 + 8?
2
Evaluate 0 - (-8 - -3 - (-3 - 7)).
-5
Calculate (0 + -13 - -4) + 5.
-4
Calculate (-1 + (1 - -4) - 0) + 1.
5
What is the value of 12 - (4 - 0) - (5 + 1)?
2
-2 - ((3 - 1) + (5 - 4))
-5
What is the value of 0 + (8 - 15) + 8 + -7?
-6
What is the value of -5 - (-6 + 7 + -4 + 2)?
-4
-14 - (-4 + -1 + -5)
-4
What is (43 - 52 - (-1 + -3)) + 0?
-5
18 + -8 + -10 + -4
-4
What is the value of 3 - (0 - -3 - -1)?
-1
Calculate 0 + 6 + (0 - 3).
3
Evaluate (0 - 0 - 1) + (-51 - -57).
5
Evaluate (21 - 26) + 7 + 1 + 1.
4
Evaluate (-4 - 6 - -4) + 11.
5
Calculate (3 - 3) + 3 + -3.
0
What is the value of 1 - (7 - (2 + 4 + -3))?
-3
What is -1 + (-13 - -15) + (7 - 3)?
5
What is the value of 7 + 0 + 4 + -7 + -1?
3
What is the value of -2 + -2 - (2 + -1)?
-5
Evaluate -2 + (2 + -3 - 1).
-4
Calculate -3 - (-6 + -2) - (2 - 2).
5
Evaluate (-13 - (17 + -23)) + -1 + 0.
-8
Evaluate 1 + -10 + 4 - -5 - -6.
6
-3 + 4 + 3 + -3 + 3
4
What is the value of 8 - (3 - (-7 - -5))?
3
-2 + -1 - -12 - (3 + -2)
8
-14 - (-2 + -2) - -6
-4
1 - (7 + -5 + -5)
4
What is the value of 5 - (10 + -1 - 14)?
10
Calculate 15 - 2 - (-9 - -16).
6
Evaluate 2 + 1 + -8 + -1.
-6
What is -9 + (-7 - (2 + -19))?
1
Calculate (7 - 0) + (-3 - 1).
3
Evaluate 0 + (5 + -5 - -10 - 6).
4
-4 + 0 - (-36 - -36)
-4
Evaluate -2 - (-5 - 0) - -10 - 7.
6
What is the value of -1 + -3 - (-7 - -3)?
0
What is -4 - (-6 + 6 - (6 - 7))?
-5
Evaluate 10 + -15 + 5 + (-7 - -3).
-4
5 - (-4 - -8 - -1 - 1)
1
-2 - (4 + -2 - 0) - -5
1
Evaluate -7 + (10 - 10 - -1).
-6
What is (5 - 11) + 2 - (0 + -5)?
1
Calculate -5 - ((2 - 1) + -2 - 0).
-4
Calculate -3 + (-2 - (0 - 1)).
-4
9 - (9 - 4) - 4
0
What is the value of (2 + 2 - 3) + -3?
-2
(-8 + 1 - -5) + (1 - 3)
-4
What is -30 + 37 - (10 + -5)?
2
Calculate -7 - -2 - (39 + -42) - 1.
-3
Evaluate -1 - -5 - (18 - 26 - -14).
-2
What is the value of (7 - -6 - 18) + -3?
-8
What is 2 - (12 + -5 + 0)?
-5
What is the value of -3 + 0 + -1 - (-1 - 0)?
-3
Evaluate -6 + 2 + -6 + (-3 - -8).
-5
Evaluate (9 - -3 - 8) + (8 - 2).
10
What is the value of -1 - ((-7 - -2) + -1 - -2)?
3
(4 - 1) + -5 + 1 + 0
-1
What is the value of 4 - (-6 + -4 + 5 + 9)?
0
(-10 - (-6 + 2)) + 3
-3
Evaluate 8 + (-5 - (-3 + (-3 - -5))).
4
What is -1 + 5 + (-12 - (-9 + 9))?
-8
What is the value of 16 + -18 + (-1 - -10) + -6?
1
What is -4 - ((-6 - -3) + 5 - 3)?
-3
Calculate 7 - -1 - (-4 - -10).
2
What is -3 - (-3 + -1) - 2?
-1
What is -3 - ((0 - (1 + 2)) + -4)?
4
Calculate -3 + 2 + 0 + 4 + -8.
-5
What is 21 - 22 - (1 + 2)?
-4
What is -2 + -16 + 5 + 9?
-4
Calculate 1 - (-4 - 0) - (1 - 1).
5
What is 0 - -1 - (-2 + -4 + 7)?
0
Calculate -34 + 23 - (-7 + 0) - 2.
-6
What is 8 - 0 - -9 - (3 - -5)?
9
Calculate -5 + 4 + -1 - -4 - 4.
-2
Calculate -5 + (3 - (1 + -1 + 3)).
-5
What is the value of -8 + (15 - 8 - -5) + 2?
6
Calculate 9 + -1 + (7 - 9).
6
Calculate -5 + 9 + 2 - (-2 - -1).
7
Calculate 0 + -2 - (-10 - -6 - 0).
2
Calculate -3 - (8 + -8 + (-7 - -10)).
-6
Evaluate 4 - 2 - (-3 + (-2 - -1)).
6
Calculate 0 - (2 + -1 - 5).
4
What is the value of -4 + -10 + (-2 - -8)?
-8
Evaluate -5 + (-1 - -4) + 1 + 3.
2
3 - (-3 - (-7 + -2))
-3
Evaluate -1 - (-7 + -4 + 10).
0
1 - (-3 + (1 - 2)) - 9
-4
Calculate -7 - (-6 + 4 + -2).
-3
What is the value of -3 - (2 + (0 - 4) + -2)?
1
What is the value of -13 + 5 - (-3 - 9)?
